pose 53*u = 46*u + 49. Let y(h) = 2*h + 7*h**3 + 0 - h**2 + 0. Let x be y(2). What is the greatest common factor of x and u?
7
Suppose -3*i = 3*n - 108, n = -2*i - 3*n + 74. Let h(o) = -9*o**2 + 57*o - 13. Let a be h(6). What is the highest common divisor of i and a?
5
Let b = 0 + 4. Suppose y - 20 = -b*y. Suppose -2*k - y*c = k - 118, k - 3*c - 48 = 0. What is the greatest common divisor of k and 105?
21
Let z = 89 + -21. Calculate the greatest common divisor of 68 and z.
68
Let y(b) = 3*b + 35. Let o be y(-7). Calculate the greatest common divisor of 2338 and o.
14
Let t be (-845)/45 - 4/18. Let c = t + 30. Calculate the greatest common factor of c and 11.
11
Let t = -746 + 776. What is the highest common factor of t and 50?
10
Suppose -j + 5*r = -2216, -j + 0*r = r - 2198. Calculate the greatest common divisor of j and 71.
71
Let c(m) = 3*m**2 + m + 33. Let w be c(7). Let s = 44 + 41. Suppose -6*l = -l - s. Calculate the highest common factor of l and w.
17
Let s(d) = 9 - 36 - 3*d - 3 + 8*d. Let u be s(7). What is the greatest common factor of 20 and u?
5
Let v(z) = z**3 + 8*z**2 - 16. Suppose 4*o = 2*j + 30, 3*j - 2*o + 0*o = -29. Let s be v(j). What is the greatest common factor of 22 and s?
11
Let z be (-3 - 0)/(1 + -2). Suppose -11 = z*q - 20. What is the highest common divisor of 18 and q?
3
Let c(v) = -2*v**3 + 7*v**2 + 7. Let n be c(-5). Let q be n + (-1)/(1/3). What is the greatest common factor of 39 and q?
39
Suppose -2*t - 44 + 92 = 0. Calculate the highest common factor of t and 176.
8
Let d be (((-120)/(-6))/1)/(3/186). Calculate the highest common factor of 40 and d.
40
Suppose 4*c + 3*q - 50 = 0, 3*c = -c + q + 42. Let h = c + 11. Suppose 3*o + 8*a = 4*a + 55, 2*o - h = a. What is the greatest common factor of o and 52?
13
Suppose 3*v + 2*v - 15 = 0. Suppose -v*h + 10 = -h. Suppose -4*z = 2*b - 58, -h*b - 4*z = -137 + 10. Calculate the greatest common divisor of b and 253.
23
Let o(k) = 2*k**3 - 6*k**2 - 30*k + 21. Let i be o(7). Calculate the highest common divisor of i and 7.
7
Suppose -4*x - x = -2*c - 19, -2*x + 2*c = -10. Suppose x*y = 2*y - 2. Let v be 21 - (-1 + -1 - y). What is the greatest common factor of 3 and v?
3
Let g = -312 - -324. Let u(m) = 2*m**2 + 3*m + 2. Let p be u(-2). Suppose -p*v + 6*v = 36. Calculate the highest common factor of g and v.
6
Suppose -d = -5*f - 10, -d + 6*f + 8 = 2*f. Suppose -x = c - 1, -5*c = 3*x - c - 1. Suppose -2*n + x + 5 = d. Calculate the highest common factor of 10 and n.
2
Let a be (8/(-24))/(2/(-48)). Suppose 3*m + 4*p = a, 0 = p - 2*p + 2. Suppose o = -5*i + 18, i + 0*i = m. What is the greatest common factor of o and 18?
18
Let y(h) = -17*h - 349. Let l be y(-27). Calculate the highest common divisor of 44 and l.
22
Suppose -40*t + 2*t + 12350 = 0. What is the highest common factor of t and 39?
13
Let l = 280 - 231. What is the highest common divisor of l and 147?
49
Let o(t) = t + 20. Let k be o(-7). Suppose 5*q + 25 = 4*a + 70, -a + 5 = 0. What is the highest common factor of q and k?
13
Let u = -5 + 9. Suppose -u = -d, 3 = -5*o + 6*d - 4*d. Suppose 3*l - 2*l - 8 = 0. Calculate the greatest common divisor of l and o.
1
Let z(n) = -2*n**3 - n**2 + n - 1. Let j be z(0). Let u be 56 + (3 - 2)*j. Calculate the greatest common factor of 22 and u.
11
Let a be 288/(-48)*(-2)/3. Calculate the highest common factor of a and 10.
2
Let y(i) = -18*i - 788. Let p be y(-51). What is the greatest common divisor of p and 338?
26
Let j be 5*(-14)/(-35) + 47/1. What is the highest common divisor of j and 7?
7
Suppose 42*p + 132 = 46*p. Calculate the greatest common factor of 6 and p.
3
Let n = -7 - -13. Suppose -10*c = -7*c - 6. Suppose u = -3*z + 109, -5*u - 139 = c*z - n*z. What is the greatest common factor of z and 24?
12
Let b(f) = -12 - 24*f + 22 - 9 - 3*f**2 + 14*f. Let h be b(-2). Calculate the highest common divisor of h and 99.
9
Let v = 35 + 41. Let w(g) = 35*g**2 - 5*g - 4. Let i be w(-1). Let y = v - i. Calculate the highest common factor of y and 10.
10
Let z be -1 - -8 - (23 - 22). Suppose 2*c - 6 = z. Calculate the highest common factor of c and 24.
6
Suppose 0 = -14*y + 159 - 47. What is the greatest common factor of y and 296?
8
Let z be (-82)/(-4) + (-6)/(-4). What is the greatest common divisor of 10 and z?
2
Suppose 20 = 90*p - 88*p. Calculate the greatest common factor of p and 40.
10
Let v(m) = 31*m**2 - 5*m + 6. Let p be v(-6). What is the highest common factor of p and 24?
24
Let w = 51 + -49. What is the greatest common factor of 2 and w?
2
Suppose 31 = 4*r + 3. Suppose -o + 1 = -r. Calculate the highest common divisor of 72 and o.
8
Let m be (6/(-5))/(15/(-50)). Suppose 153 = 4*u - 2*d - d, -2*u - m*d + 82 = 0. Let a = u - 19. What is the greatest common divisor of 5 and a?
5
Suppose -2*r = -2*o - r, 3*o + 6 = 3*r. Let y be 21 - (-3)/o*-2. What is the highest common divisor of 216 and y?
18
Let i(t) = -8*t - 1. Let h be i(-2). Let o(y) = y**3 - 19*y**2 + 43*y - 3. Let b be o(2). Calculate the greatest common divisor of h and b.
15
Let i = -67 - -675. Suppose 0 = j + 3*j - i. What is the greatest common factor of j and 19?
19
Suppose 0*k + 210 = 5*k. Suppose -3*a + k = z - 357, -2*a + 258 = -2*z. Let j(g) = 2*g - 10. Let s be j(11). What is the greatest common divisor of a and s?
12
Suppose -3*d = -2*j + 84, 2*j - 7*j + 210 = -d. Suppose 0*q = -q + j. Calculate the highest common factor of 14 and q.
14
Let w(o) = 4*o**2 + 6*o + 7. Suppose -d - 32 = -3*d. Let t = 10 - d. Let r be w(t). Calculate the highest common divisor of 23 and r.
23
Suppose 5*y - 45 - 45 = 0. Suppose -579 + 75 = -4*d. What is the greatest common factor of y and d?
18
Let g be (2 - 3)/((-2)/(-2)) - -3. Let i be 15 + ((-10)/g - -6). What is the greatest common factor of 176 and i?
16
Let f be 1/2 - 34/4. Let w be (-36)/f*4 + -1. Suppose -129 - w = -3*z - 2*m, 0 = 5*m - 5. What is the highest common factor of z and 8?
8
Let s(u) = 4*u + 120. Let g be s(-15). Let c(h) = -2*h**2 - 25*h + 8. Let j be c(-12). What is the greatest common divisor of j and g?
20
Let l be (1755/(-90))/((-3)/16). What is the greatest common divisor of l and 24?
8
Suppose 10*d - 3*d = 42. Suppose -d*z + 13 = -23. Calculate the greatest common factor of 15 and z.
3
Let p be 26*1/1 - 32/(-16). Calculate the greatest common factor of p and 182.
14
Let g be (1 - (-422 + 3)) + -2 + 2. What is the highest common divisor of 60 and g?
60
Let d be 700/21 + 1/(-3). Suppose 13*u = 7*u + 132. Calculate the greatest common factor of u and d.
11
Let z(b) = b**2 + 11*b - 58. Let x be z(-15). What is the greatest common factor of 64 and x?
2
Let d(s) = -s**3 - s**2 - s - 2. Let c be d(-2). Suppose 2*n - 75 = -3*n + 4*v, v - 81 = -c*n. Calculate the highest common factor of n and 57.
19
Let i be ((-12)/4 + -1)*-1. Suppose -4*w + 2*b = 88, -w - 36 = w + b. Let v be (w/25)/(2/(-10)). What is the highest common divisor of i and v?
4
Let c = 192 - 302. Let u = c - -166. Suppose -4*j + 43 = -0*j - 5*l, -4*j + 34 = -2*l. Calculate the highest common divisor of j and u.
7
Let f be 8/6*(-54)/12. Let t be 6/27*-3*f. Suppose -t*g + 5*m = -29, -g + 7 = -2*m + m. What is the greatest common factor of g and 30?
6
Let s be 3*8 + (-1 - (1 + 1)). Suppose 6*y - 309 = s. Calculate the greatest common factor of y and 11.
11
Let k be 2/3*-1*23/(368/(-336)). Let s be -1 - (1/1 - 156). What is the highest common divisor of s and k?
14
Let t(i) = -i**3 - 11*i**2 + 6*i - 9. Let b be t(-12). Let d(a) = 2*a**3 - 21*a**2 - 12*a + 20. Let h be d(11). Calculate the greatest common factor of h and b.
9
Let k be (-6)/33 - (-420)/11. Suppose -3*z = 5*j - k, j + 4*z + 3 = -3. What is the greatest common factor of 30 and j?
10
Suppose -8*z - 4100 = -90*z. Let c be 1*5*5/5. What is the greatest common factor of c and z?
5
Suppose -12 = 2*p + 2*a - 32, 0 = 3*p - 5*a - 22. Let u = -65 - -65. Let l be ((-3)/p - u)*-30. What is the greatest common factor of l and 40?
10
Suppose -2*o = 5 - 11. Calculate the highest common factor of o and 4.
1
Let y(a) = a**3 - 5*a**2 - 5*a - 8. Let i be y(6). Let z be (-5)/((-1)/(-1) + i). Let p be (z/(-3))/((-1)/3). Calculate the highest common divisor of p and 20.
5
Suppose 5*s - 2*j - 256 = 0, -2*s - 3*j + 94 = -8*j. What is the highest 